t z = 666 - u. Let w(s) = s**2 + 5*s - 2. Calculate the remainder when z is divided by w(5).
46
Let w(b) = 50*b**3 - 28*b**2 + 52*b + 2. Calculate the remainder when w(2) is divided by 21.
16
Let c be (-1836)/(-1) + -3 + 3 + -1. Let k = -1151 + c. What is the remainder when 150 is divided by (4/6)/(12/k)?
36
Suppose 5*y + 15 = 0, -20 + 76 = -r + y. Let c = 91 - r. What is the remainder when c is divided by 19?
17
Let o(h) be the third derivative of -h**5/20 - h**4/4 - 32*h**2. Calculate the remainder when 122 is divided by o(-1).
2
Suppose 11*f - 225 - 710 = 0. What is the remainder when 3059 is divided by f?
84
Let k(f) = f**2 - 5*f - 184. Let b be k(0). Let h = b - -197. Let s = 56 - 32. Calculate the remainder when s is divided by h.
11
Suppose i - 3*s - 13 = -0*s, -4*i - 3*s = -7. Suppose 0*x = -2*x + 14. Calculate the remainder when i is divided by (x/(7/6))/2.
1
Suppose 0 = x - f - 130, -3*x = -2*f - 317 - 69. What is the remainder when 3399 is divided by x?
123
Let x be (936/180)/((-4)/(-30)). Let n(m) = 4*m - 128. Calculate the remainder when 362 is divided by n(x).
26
Suppose 3*l - 49 = -0*l - 2*u, -u + 70 = 5*l. Let r(i) = -i + 44. What is the remainder when r(0) is divided by l?
5
Let o be ((-100)/(-6))/((-87)/(-27) + -3). Suppose -4*l = l + o. What is the remainder when 100 is divided by (69 + -1)/(l - -17)?
32
Suppose -b + h + 13 = -6, -2*h + 94 = 4*b. Let q(n) = 2*n**2 - 64*n + 336. What is the remainder when q(5) is divided by b?
0
Let z(i) = -i**3 - 22*i**2 + 5*i - 124. Let v be z(-23). Suppose -v + 107 = -3*m. Calculate the remainder when m is divided by 23.
15
Suppose 2*b - 7*c = 854, 2*b = 28*c - 30*c + 800. Calculate the remainder when 839 is divided by b.
27
Let x = 90 - 107. Let g(i) = -2*i + 4. What is the remainder when 134/(x/((-204)/8)) is divided by g(-4)?
9
Let n(x) = x**3 + 19*x**2 + 117*x + 4. Let w be n(-10). Let u = 359 + w. Calculate the remainder when u is divided by 30.
3
What is the remainder when 7353/15 + 48/60 is divided by 13?
10
Suppose -a + 4*a = 39. Calculate the remainder when -5 - ((-5)/20 - 6/72*1581) is divided by a.
10
Suppose 10*f - 1264 = -764. Calculate the remainder when f is divided by 10/25 + (-68)/(-5).
8
Let a(m) = -2*m**3 + 4*m**2 + 15*m - 41. Let x be a(4). What is the remainder when 101 is divided by (-7 - -11) + (-1 - x)/2?
23
Suppose -95 - 235 = -15*n. What is the remainder when 893 is divided by n?
13
Let d = 8828 - 405. Calculate the remainder when d is divided by 162.
161
Let j(r) = 83*r**2 + 1. Let c(l) = -2*l + 25. Suppose -3*w = -2*v + 35, 0 = -3*v + 8*v - 20. What is the remainder when j(1) is divided by c(w)?
41
Suppose 105*j - 7483 + 2443 = 0. Suppose -c - 139 = -4*l, 6*l = 2*l + 2*c + 138. Calculate the remainder when j is divided by l.
13
Let r = 39 - -150. Suppose -r = k - 4*k. Calculate the remainder when k is divided by 32.
31
Let a(j) be the third derivative of -73*j**4/24 + j**3 + 48*j**2. Calculate the remainder when a(-1) is divided by 27.
25
Suppose 8*g + 5*m = 4*g + 12, 3*g - m - 9 = 0. Suppose v = g*v, -2*v = -3*j + 78. Calculate the remainder when 41 is divided by j.
15
Suppose 0 = -3*h + 2*c + 110, -h = 3*h - 4*c - 152. Suppose -3*g + 7*g = -2*r + 36, 2*g - 3*r = h. What is the remainder when 83 is divided by g?
6
Let p(x) = x**2 + x - 3. Suppose 0 = -5*u - 3*d + 38, 34*u - 4*d = 29*u + 31. Calculate the remainder when p(-4) is divided by u.
2
Let n(m) be the first derivative of m**3 - 2*m**2 - 59*m + 49. What is the remainder when n(9) is divided by 13?
5
Let g = 487 - 484. What is the remainder when 285 is divided by 23 - g/15*10?
12
What is the remainder when 7950 is divided by 1 + 13 + 16/2*(-9)/12?
6
Let s = 3613 - -509. What is the remainder when s is divided by 133?
132
Let k(r) = -r**3 - 143*r**2 - 431*r + 148. What is the remainder when k(-140) is divided by 417?
20
Let g(b) = 37*b + 2 + 87*b - 3*b. Suppose 0 = 4*p + 3*z - 136, 9 = 2*z + 1. Calculate the remainder when g(1) is divided by p.
30
Let j(d) = -5*d + 22. Let t be j(13). Let f = t - -40. What is the remainder when -1 - -1 - f*4 is divided by 6?
0
Let f = -75 - -105. Suppose 124*t - 3*d + 604 = 126*t, -3*t + 896 = 2*d. What is the remainder when t is divided by f?
26
Let c = -60 - -255. Let a = 10 + -5. Suppose -4*r = 5*u - c, 8 = -a*u + 3. What is the remainder when r is divided by 13?
11
Suppose -l + 4*l - 5*b - 22 = 0, -4 = -4*b. Let d(p) = 138*p - 1088. Calculate the remainder when d(8) is divided by l.
7
Suppose 62*q = 67*q - 15. Suppose -82 - 2 = -3*w + 3*g, 0 = -q*w - 2*g + 104. Calculate the remainder when 107 is divided by w.
11
Suppose 6*l - 100 = 4*l. Suppose 4*x - l - 54 = 0. Calculate the remainder when ((-10)/(-4))/(6/180) is divided by x.
23
Suppose 6*z + 4278 = 4344. Suppose -2*h + 4*y = -226, y = -5*h - y + 601. Calculate the remainder when h is divided by z.
9
Suppose 0 = -2*r - 3*u + 3094, 4*r + 4*u - 6972 = -780. Calculate the remainder when r is divided by 53.
13
Suppose -398 = o + j, -2*o - 12*j + 16*j = 808. Let c = -357 - o. What is the remainder when c is divided by 17?
9
Suppose 4*d - 11 = 49. Suppose d*n - 14*n = -124. Let r = -2 - n. Calculate the remainder when r is divided by 25.
22
Let u(l) be the third derivative of l**5/60 + l**4/12 - l**3/2 + 2*l**2. Suppose -9*h + 15*h - 366 = 0. Calculate the remainder when h is divided by u(4).
19
Suppose 0 = 5*z - 5*d - 50 - 20, -d = -3*z + 30. Suppose 2*t - 91 = -2*m + 69, -3*t = -5*m + 392. Calculate the remainder when m is divided by z.
7
Suppose -153 = -g + 4*g. Let o = 683 + -615. Let m = g + o. What is the remainder when m is divided by 12?
5
Suppose x = -p - 194 + 229, -5*x - 185 = -4*p. Calculate the remainder when 250 is divided by p.
10
Let m(t) = 3*t**2 + 7*t - 106. Calculate the remainder when 617 is divided by m(7).
77
Suppose 0 = 3*h - 49 - 422. Let k = 14 + 1. Calculate the remainder when h is divided by (16/(-6))/(4 + (-61)/k).
37
Let j = -6630 + 6657. What is the remainder when 505 is divided by j?
19
Let k = -5 + 7. Suppose 14*m + 39 - 431 = 0. Calculate the remainder when 55 is divided by (k + m/(-16))*116.
26
Suppose 4*z = -4*s + 1676, 5*s = 3*s - 4*z + 842. Calculate the remainder when s is divided by 37.
10
Suppose -1275 = -73*f + 317 + 233. Calculate the remainder when 4/3*(-369)/(-6) is divided by f.
7
What is the remainder when 18187 is divided by (-1)/(-8)*(1461 + -29) + -9?
167
Suppose 15*r - 4 = -34. What is the remainder when r/1*(-212)/8 is divided by 9?
8
Let l = 30 - -6. Suppose l = 6*g - 6. Suppose 6*z - g*z = -8. Calculate the remainder when z is divided by 7.
1
Let a(n) be the first derivative of 33*n + 1/2*n**2 - n**3 - 20. What is the remainder when a(0) is divided by 12?
9
Suppose 177 - 17 = 16*u. What is the remainder when 75 is divided by u?
5
Let f = 5153 + -4576. Calculate the remainder when f is divided by 20.
17
Suppose 12*f = 24*f - 948. Let l = f + -9. Calculate the remainder when l is divided by (-50)/(-4) + 6/(-12).
10
Suppose 237*w - 247*w + 140 = 0. What is the remainder when 287 is divided by w?
7
Let y(b) = 4 - 38*b**3 + 6*b - 7*b + 36*b**3 + 2*b**2 + 6*b. What is the remainder when 26 is divided by y(-2)?
8
Let c(o) = 2*o**2 + 28*o - 52. Let l be 24/(-108) + 1*(-151)/9. What is the remainder when 1 + -2 + -1 - -100 is divided by c(l)?
48
Let p = 6397 - 6166. What is the remainder when p is divided by 56?
7
Let z(t) = -t**3 - 2*t + 8. Let f be z(3). Let p(w) = w**2 + 20*w - 101. What is the remainder when p(f) is divided by 9?
6
Let w(p) = 33*p - 5*p**2 + 8*p - 14*p + 5 + 142*p + 6*p. What is the remainder when 48 is divided by w(35)?
3
Let m be 1/5 - 19/(-5). Let j be 4 + (2 - -91 - m). Suppose 4*x = 2*v - j + 13, 176 = 5*v - 2*x. Calculate the remainder when 98 is divided by v.
30
Let p(o) = -o**3 + 56*o**2 + 2*o - 99. Let w be p(56). Let g be 1046/8 - 1/(-4). Suppose -g - 311 = -w*u. What is the remainder when 97 is divided by u?
29
Suppose -r - 4*r + 31 = 3*m, -3*m + 5*r = -41. Suppose m = -4*c + 8*c. Suppose -3 = 2*b - c*b. Calculate the remainder when 4 is divided by b.
1
Suppose 0 = -4*y + 12, 5*y - 174 = -2*x + 5*x. Let t = x + 55. Suppose -259 = -5*l - 2*h, t*l + 8 = -5*h + 99. What is the remainder when l is divided by 27?
26
Let c(q) = -270*q**3 - 4*q**2 -